 i(j) = -16*j - 3. Let t be i(m). Calculate the highest common divisor of 9 and t.
9
Let f = 12 - -6. Calculate the highest common factor of f and 2.
2
Let y = 21 + 12. Calculate the highest common factor of 297 and y.
33
Suppose 4*c - 77 = 3*h, -c + 2*h = -h - 17. Calculate the greatest common factor of c and 5.
5
Let o(i) = 21*i**2 - 1. Let k be o(-1). Suppose -17*m + 12 = -13*m. Suppose 5*c + 90 = 3*j, 0*j + 120 = 4*j + m*c. What is the highest common factor of k and j?
10
Let k be 12 + (-1)/(2/4). What is the greatest common factor of 4 and k?
2
Let n = 50 + -27. What is the greatest common divisor of 23 and n?
23
Let b(d) = d + d**2 - 1 - 4 + 1. Let c be b(-4). What is the highest common divisor of 40 and c?
8
Let d(a) = -3*a + 56. Let y be d(0). Calculate the greatest common factor of y and 84.
28
Suppose 0 = -2*f - 3*l - 4 + 23, 8 = 4*f - 4*l. Suppose -2*u + 5*u + 3*p = 129, 0 = u + 5*p - 35. Calculate the greatest common factor of u and f.
5
Suppose 0 = f - 2, -1157 = 4*o - 4*f + 239. Let m = -242 - o. What is the greatest common factor of m and 21?
21
Suppose 2*j - 201 = -63. Calculate the highest common divisor of j and 3.
3
Suppose 2*d + 14 = 2*q, 0*d - 16 = -2*q + 3*d. Suppose 9*y - 4 - 401 = 0. What is the highest common factor of q and y?
5
Let j be 1*6 + -4 + 3. Let l be ((-9)/(-6))/(3/6). Suppose j*h - l = 47. Calculate the greatest common factor of 2 and h.
2
Suppose -2*x = -3*x + 68. Let f be (0 + (-51)/(-6))*2. What is the highest common divisor of f and x?
17
Suppose 15 = t - 172. Calculate the greatest common divisor of t and 17.
17
Suppose 5*m - 770 = 3*i, 2*m - 3*i - 324 + 16 = 0. What is the greatest common factor of 14 and m?
14
Let f(b) = 4*b - 11. Let z be f(6). What is the highest common divisor of z and 13?
13
Suppose 0*z + 2*z = 5*x + 20, 14 = 4*z + 3*x. Let u(l) = l**2 + 4*l + 2. Let j be u(z). Let w = j - 33. What is the highest common factor of 28 and w?
14
Suppose -107 = -5*m - 22. Suppose -3*g + 4 + m = 0. Suppose g = 4*u - 1. Calculate the greatest common divisor of u and 16.
2
Suppose 0 = a - 5*k - 19, 28 = a + 3*a - 4*k. Let b be (35 - 5)*a/6. Calculate the greatest common divisor of b and 50.
10
Let a(b) = 37*b - 29. Let u be a(5). What is the greatest common divisor of u and 39?
39
Let s(q) = 10*q**3 - 3*q**2 + 1. Let a be s(2). What is the highest common divisor of a and 46?
23
Let c(j) = 126*j**2 - j - 1. Let q be c(-1). Calculate the highest common divisor of q and 18.
18
Let f = 10 + -6. Let d = f - 2. Suppose -2*i - 20 = -d*l, 5*l - 4*i = -7*i + 82. Calculate the greatest common divisor of 21 and l.
7
Suppose 1 = y - 2. Let a = 51 - y. Calculate the highest common factor of 6 and a.
6
Let z(n) = -22*n + 58. Let c be z(-5). Calculate the highest common divisor of c and 42.
42
Suppose -2*g - 10 = -0*g, 19 = 2*b + 5*g. Suppose -b = 2*t + 34. Let f = 50 + t. Calculate the greatest common divisor of f and 2.
2
Let r(c) = 75*c**2 + c - 1. Suppose 2*q + 10 = -3*d, -3*q + 4*d - 5*d = 1. Let i be r(q). Let o = 0 - -30. Calculate the highest common divisor of o and i.
15
Suppose 8 = -i + 26. What is the greatest common factor of i and 72?
18
Let y(l) = -l**2 + l + 500. Let k be y(0). Let u(z) = -5*z**2 + 3*z + 31. Let v be u(9). Let p = v + k. Calculate the greatest common factor of 17 and p.
17
Let x(i) = -2*i**3 - i**2 - 2*i + 3. Let y be x(-3). Let f be 125/15 - 2/(-3). What is the greatest common divisor of f and y?
9
Let j = 62 - 56. Calculate the greatest common factor of j and 6.
6
Let l be -2 + 1 + 2/(-1). Let s = l - -5. Suppose -s*x + 12 = f - 4*x, 3*x + 81 = 5*f. What is the highest common divisor of f and 126?
18
Suppose 13 = 2*v + 5. Suppose 2*a + v = 4*a. Let r(j) = j**3 + j**2 + 16. Let u be r(0). Calculate the greatest common divisor of u and a.
2
Suppose 0 = 2*c - 65 + 23. Calculate the highest common factor of 28 and c.
7
Let f = -45 - -59. Calculate the highest common divisor of f and 14.
14
Suppose -10*r = -172 - 388. Calculate the greatest common divisor of r and 14.
14
Suppose -5*x = -4*s + 31, -x + 2*x + s - 1 = 0. Let l be (-3 + x)*(-2)/6. What is the highest common divisor of 3 and l?
1
Let o = 16 - 3. What is the greatest common factor of o and 143?
13
Suppose 4*p + 0*p + 2*k - 102 = 0, 4*p - 2*k = 114. Let q = p + -26. Calculate the greatest common divisor of q and 3.
1
Let d(k) be the second derivative of 11*k**4/6 + k. Let o be d(-1). Calculate the greatest common divisor of 154 and o.
22
Let w be (0 - 1) + 3 + -7. Let k be 15*(2 - w/(-3)). Suppose -k*p - 35 = -4*a + 30, -2*p = 4*a - 58. Calculate the highest common divisor of 5 and a.
5
Let m(s) = 7*s - 63. Let q be m(13). What is the highest common factor of q and 4?
4
Let h(m) = -33*m + 21. Let w be h(-3). What is the greatest common divisor of 15 and w?
15
Let q be (36/10)/(42/140). Let d(g) = g**3 + 8*g**2 - 5*g + 6. Let n be d(-6). What is the greatest common divisor of q and n?
12
Let x(k) = 3*k + 24. Let h be x(-4). Calculate the highest common factor of h and 84.
12
Let f = 40 - -16. Calculate the highest common factor of 7 and f.
7
Let c(u) = u + 8. Let m be c(7). Let g(w) = w**3 - w**2 - 4*w - 6. Let p be g(-3). Let d be (-2)/p*6*25. Calculate the highest common factor of d and m.
5
Let q(u) = 5*u. Let j(v) = 6*v. Let a(g) = -5*j(g) + 5*q(g). Let l be a(-6). What is the highest common divisor of l and 12?
6
Let j = -4 + 28. Let r(n) = n**3 + 7*n**2 + 9*n + 11. Let c be r(-5). Calculate the greatest common factor of j and c.
8
Suppose 5*q + 2*p - p - 1 = 0, -3*q = 5*p - 5. Let f be 45 + (-1 - q/2). Calculate the highest common factor of f and 110.
22
Suppose g + g - 863 = -5*y, 0 = 2*y - g - 347. Let m be 2*(-3)/(-2) + -12 + 156. Suppose -5*v = -y - m. What is the highest common divisor of 16 and v?
16
Let b be ((-6)/(-4))/((-36)/(-2640)). Calculate the highest common factor of b and 44.
22
Suppose -300 = 17*m - 22*m. What is the greatest common divisor of 20 and m?
20
Let q be (19 + -7)*2/2. Calculate the greatest common factor of 6 and q.
6
Suppose 10*u + 3*u - 702 = 0. What is the greatest common divisor of u and 6?
6
Suppose -3*j = 7 - 85. What is the greatest common divisor of j and 182?
26
Let u(v) = v**3 - 6*v**2 + 7*v - 5. Let n be u(5). Let d = n + 2. Suppose -3*k = -d*k + 68. Calculate the highest common factor of 34 and k.
17
Suppose 0 = -5*p + 3*k + 16, 2 = -p - p - 3*k. Suppose -p*q = -h - 151, -3*q = q + h - 299. Calculate the highest common factor of q and 15.
15
Let o(h) = h**2 + 5*h. Let u be o(-6). Let b(a) = -a**3 + 6*a**2 + 9*a - 8. Let t be b(7). What is the highest common divisor of u and t?
6
Let x be (21/(-5))/(5/(-25)). Calculate the greatest common divisor of 42 and x.
21
Let q be 7/3 + (-4)/(-6). Let g(n) = 4*n**2 - 3. Let t be g(q). Calculate the greatest common factor of t and 22.
11
Suppose 2*t + 5*s - 41 = 0, -s = 4*t - 33 - 4. What is the highest common divisor of t and 12?
4
Let f(r) = -r**3 + 3*r**2 + 5*r - 3. Let z be f(4). Let g be 2 - (1 + 0)/z. Let a be (-2)/g + 13 + -5. Calculate the highest common divisor of a and 12.
6
Let q(k) = -101*k - 2. Let t be q(-1). Calculate the greatest common factor of 9 and t.
9
Suppose 0 = s + 2*s. Suppose -2*a - 4 = -12. Suppose d + a*d - 80 = s. Calculate the greatest common factor of d and 4.
4
Let o = 161 - 98. Calculate the highest common factor of o and 7.
7
Let y be (-2)/(-3)*(-6)/(-4). Calculate the greatest common divisor of 8 and y.
1
Let r(j) = 9*j**2 + 3. Let w be r(-3). What is the highest common divisor of 12 and w?
12
Let z = 184 - 49. What is the greatest common divisor of 27 and z?
27
Let o be (4 - 7) + (-182)/(-2). Calculate the greatest common divisor of 22 and o.
22
Suppose -141*m - 28 = -145*m. Suppose -l = -2*l + 14. Calculate the highest common divisor of m and l.
7
Let n = -14 - -20. Let u be 70/6 - 4/n. Suppose 0 = 4*p - 3*q - 2*q - 44, 0 = p - 2*q - u. Calculate the greatest common factor of p and 11.
11
Let i(j) = j**3 + 8*j**2 - 4*j - 5. Let q be i(-8). Suppose a - 432 = -a. Calculate the highest common divisor of a and q.
27
Let b(w) = -2*w - 3. Let d(v) = v**2 - 7*v + 7. Let m be d(5). Let l be b(m). Let c = l - 1. Calculate the highest common divisor of 10 and c.
2
Suppose 4*a = 3*a + 12. What is the greatest common